{"id":2381,"date":"2016-01-27T01:17:31","date_gmt":"2016-01-27T01:17:31","guid":{"rendered":"http:\/\/rttheme20.rtthemes.com\/?page_id=2381"},"modified":"2019-06-16T15:29:11","modified_gmt":"2019-06-16T15:29:11","slug":"chisiamo","status":"publish","type":"page","link":"https:\/\/limitsrl.it\/index.php\/chisiamo\/","title":{"rendered":"Chi siamo"},"content":{"rendered":"\n<div  class=\"content_row row alt-style-2 fullwidth has-bg-overlay\" style=\"background-image: url(https:\/\/limitsrl.it\/wp-content\/uploads\/2016\/01\/row-background-image.jpg);background-repeat: repeat;background-size: cover;background-attachment: scroll;background-position: right top;\">\n\t<div class=\"content-row-video-overlay\" style=\"background-color:rgba(42,44,47,0.67)\"><\/div>\n\n\t<div class=\"content_row_wrapper align-contents content-align-middle default\" style=\"padding-top:110px;height:600px;\">\n\t<div class=\"col col-xs-12 col-sm-12\" >\n\t\t\t<div class=\"rt_heading_wrapper style-7\">\n\t\t\t\t\t\t<h3 class=\"rt_heading  aligncenter style-7\"  style=\"font-size:20px;color:#a0c5d6;letter-spacing:2px;\"><\/h3>\n\t\t\t\t\t<\/div>[vc_empty_space]\n\t<\/div>\n<\/div>\n<\/div>\n\n<div  class=\"content_row row alt-style-1 fullwidth boxed_columns fixed_heights border-top border-bottom shadow-top shadow-bottom\" >\n\t\n\t<div class=\"content_row_wrapper  default\" style=\"padding-top:100px;padding-bottom:100px;\">\n\t<div class=\"col col-xs-12 col-sm-12\" >\n\t\t\t\n\t<div id=\"\" class=\"rt_text_column rt_content_element \">\n\t\t\n<h3>Limit s.r.l.s. \u00e8 una realt\u00e0 nata nel 2014 da un team di persone operanti nel mercato sanitario (Pubblico e Privato) da pi\u00f9 di 30 anni. Grazie a questa esperienza siamo esclusivisti per il Friuli Venezia Giulia dei seguenti Produttori:<\/h3>\n<h3><strong>AMBU ITALIA Srl<\/strong> (Elettrodi ECG, Aghi per EMG, Elettrodi di Superficie per EMG, Aghi per tossina botulinica, Aghi e Coppette per EEG, Maschere facciali, Palloni rianimatori, Bronco\/fibroscopi monouso, Videointubazione);<\/h3>\n<h3><strong>ADEXTE Srl<\/strong> (Arredo Ausiliario, Sedili chirurgo-operatore, Tavoli Porta Strumenti);<\/h3>\n<h3><strong>DELTAMED Spa<\/strong> (Aghi cannula, materiale in TNT sterile e non sterile)<\/h3>\n<h3><strong>DIMAR Srl<\/strong> (Maschere facciali e caschi per CPAP e NIV)<\/h3>\n<h3><strong>EURONDA Spa<\/strong> (Autoclavi, Termodisinfettori, Termosigillatrici, Vasche a Ultrasuoni, Buste e Rotoli per la sterilizzazione, Test validazione autoclavi);<\/h3>\n<h3><strong>KARREL HEALTH SOLUTIONS Srl<\/strong> (Carrelli, Distribuzione Farmaci, Raccolta e Distribuzione Biancheria, Arredo ambulatoriale);<\/h3>\n<h3><strong>ZOLL<sup>\u00ae <\/sup>Italia Srl<\/strong> (DAE, Defibrillatori multiparametrici, Ventilatori portatili).<\/h3>\n<h3>Il nostro obiettivo \u00e8 migliorare e aggiungere valore al business dei Clienti contribuendo al loro successo.<\/h3>\n<h3><\/h3>\n<h3><\/h3>\n\n\t<\/div>\n\n\t<\/div>\n<\/div>\n<\/div>\n\n<div  class=\"content_row row default-style fullwidth\" >\n\t\n\t<div class=\"content_row_wrapper  default\" >\n\t<div class=\"col col-xs-12 col-sm-3\" >\n\t\t\t[vc_single_image image=&#8221;3137&#8243; img_size=&#8221;medium&#8221; onclick=&#8221;custom_link&#8221; title=&#8221;ADEXTE&#8221; link=&#8221;https:\/\/www.adexte.it\/&#8221;]\n\t<\/div>\n\n\t<div class=\"col col-xs-12 col-sm-3\" >\n\t\t\t[vc_single_image image=&#8221;3135&#8243; img_size=&#8221;medium&#8221; onclick=&#8221;custom_link&#8221; title=&#8221;AMBU&#8221; link=&#8221;http:\/\/www.ambu.it\/&#8221;]\n\t<\/div>\n\n\t<div class=\"col col-xs-12 col-sm-3\" >\n\t\t\t[vc_single_image image=&#8221;3136&#8243; img_size=&#8221;medium&#8221; onclick=&#8221;custom_link&#8221; title=&#8221;EURONDA&#8221; link=&#8221;https:\/\/www.euronda.it\/&#8221;]\n\t<\/div>\n\n\t<div class=\"col col-xs-12 col-sm-3\" >\n\t\t\t[vc_single_image image=&#8221;3134&#8243; img_size=&#8221;medium&#8221; onclick=&#8221;custom_link&#8221; title=&#8221;ZOLL ITALIA&#8221; link=&#8221;https:\/\/www.zoll.com\/?sc_lang=it-IT&#8221;]\n\t<\/div>\n<\/div>\n<\/div>\n\n","protected":false},"excerpt":{"rendered":"<p>&#8230; <a class=\"more-link\" href=\"https:\/\/limitsrl.it\/index.php\/chisiamo\/\">Continue reading<\/a><\/p>\n","protected":false},"author":1,"featured_media":0,"parent":0,"menu_order":0,"comment_status":"closed","ping_status":"closed","template":"","meta":{"footnotes":""},"class_list":["post-2381","page","type-page","status-publish","hentry"],"_links":{"self":[{"href":"https:\/\/limitsrl.it\/index.php\/wp-json\/wp\/v2\/pages\/2381","targetHints":{"allow":["GET"]}}],"collection":[{"href":"https:\/\/limitsrl.it\/index.php\/wp-json\/wp\/v2\/pages"}],"about":[{"href":"https:\/\/limitsrl.it\/index.php\/wp-json\/wp\/v2\/types\/page"}],"author":[{"embeddable":true,"href":"https:\/\/limitsrl.it\/index.php\/wp-json\/wp\/v2\/users\/1"}],"replies":[{"embeddable":true,"href":"https:\/\/limitsrl.it\/index.php\/wp-json\/wp\/v2\/comments?post=2381"}],"version-history":[{"count":17,"href":"https:\/\/limitsrl.it\/index.php\/wp-json\/wp\/v2\/pages\/2381\/revisions"}],"predecessor-version":[{"id":4706,"href":"https:\/\/limitsrl.it\/index.php\/wp-json\/wp\/v2\/pages\/2381\/revisions\/4706"}],"wp:attachment":[{"href":"https:\/\/limitsrl.it\/index.php\/wp-json\/wp\/v2\/media?parent=2381"}],"curies":[{"name":"wp","href":"https:\/\/api.w.org\/{rel}","templated":true}]}}